 Let g(w) be the third derivative of w**4/24 - w**3/6 - 92*w**2. Give g(q).
4
Let x(v) = -v**3 - 3*v**2. Let s = 10 + -7. Suppose -s*y - 8 = 1. Determine x(y).
0
Suppose 67*t - 63*t - 20 = 0. Let n(b) be the third derivative of b**5/60 - b**4/8 - 7*b**3/6 + 2*b**2. Calculate n(t).
3
Let k(o) = 3*o**2 + 3*o - 5*o**2 + 2*o - 4. Suppose 95 = 3*w + 2*w. Suppose -5*z = 2*a - 0*z + w, -4*z - 35 = -5*a. What is k(a)?
-7
Let z(g) be the second derivative of -1/12*g**4 - 2*g**2 - 1/6*g**3 - 2*g + 0. Calculate z(-3).
-10
Let g(m) = m - 4. Let u(z) = z + 8. Let d be u(-5). Suppose d*i = 6*i. Suppose 3*b - 6 - 3 = i. Give g(b).
-1
Let u(a) = -a**2. Let w(i) = -i**2 - 7*i - 4. Let x be w(-5). Let v = 8 - x. What is u(v)?
-4
Let k(l) = -l - 7. Let r = -2 - -5. Let y = -4 - r. Give k(y).
0
Let v(y) = 6*y**2 + 9*y - 3. Let c(s) = -2*s**2 - 3*s + 1. Let b = 1 - 4. Let w(p) = b*v(p) - 8*c(p). Calculate w(-3).
-8
Suppose 4*s + 0*s + 48 = 0. Let h = -17 - s. Let u be (-7)/h - (-9)/15. Let b(q) = 5*q - 3. What is b(u)?
7
Let d(b) = -b**3 - 6*b**2 - 7*b - 6. Let i = -27 + 40. Let m be (-15)/(-6)*(-32)/(-10). Let t = m - i. Calculate d(t).
4
Let i(v) = -v + 1. Let w be 2/(((-18)/(-3))/(-3)). Let b(r) = 2*r + 5. Let z(o) = w*i(o) - b(o). What is z(5)?
-11
Let s = 42 - 40. Let r = -1 + 4. Let l(x) = r + x**3 - x**2 - 3*x - 3*x + 4*x. What is l(s)?
3
Suppose 70*z = 65*z + 30. Let d(g) = -g**3 + 7*g**2 - 7*g + 9. What is d(z)?
3
Let g(o) be the second derivative of -o**4/12 + 5*o**3/6 - 5*o**2/2 + 3*o. Give g(5).
-5
Let r(k) = k**2 - 7*k + 8. Let j be r(6). Let d(u) = 2 + 0*u**3 + j*u + 4*u**2 + 0*u**2 + u**3. Calculate d(-3).
5
Let h(c) = -c**3 + 5*c**2 + c - 5. Let p be 6/(-4) + (-69)/(-6). Let o be p/(-5) + -1 + -12. Let m be 1/(-3)*o/1. Determine h(m).
0
Let o(f) = -5*f**2 + 5*f**2 + f**2 + 6*f - 4 + 9. Give o(-6).
5
Let s(r) be the first derivative of r**5/20 - r**4/12 + 3*r + 3. Let y(t) be the first derivative of s(t). Calculate y(-1).
-2
Let r(b) be the third derivative of b**6/120 + b**5/15 - b**4/12 - 2*b**3/3 - 5*b**2. Calculate r(-4).
4
Let m be (-6)/8 + 6/(-24). Let y(v) = 28*v**3. Determine y(m).
-28
Let a(m) = -m**3 - 2*m**2 - m + 2. Let z be ((-70)/21)/(2/(-3)). Suppose -4*j = -z*j - 2. Calculate a(j).
4
Suppose 19 = 4*o + 15. Let k(l) = -5*l**2 + 1. What is k(o)?
-4
Let l(c) be the third derivative of 7*c**4/24 + c**3/6 - c**2. Let r(h) = h - 12. Let w be r(11). Let y = -2 - w. Determine l(y).
-6
Let u(l) = 4 - 2 - 2*l - 2. Let h(v) = -v**2 + 6*v - 5. Let p be h(4). Calculate u(p).
-6
Let d(b) = b + 4. Suppose -5*k - 4*u - 60 = u, -2*k - u - 19 = 0. Let j be d(k). Let y(n) = n**2 + 2*n - 1. Give y(j).
2
Suppose j + j - 4 = 0, 4*j - 12 = -4*l. Let z(u) = u. Let s(r) = 12*r. Let v be (2 + 1)*(-24)/9. Let t(m) = v*z(m) + s(m). Give t(l).
4
Let k(d) = -d**3 - 6*d**2 + 2. Let r = 12 - 7. Let g be r - ((-2)/(-1) - 1). Let l = -2 - g. Determine k(l).
2
Let w(s) be the second derivative of -1/3*s**3 + 0 - s - 3*s**2. Determine w(-6).
6
Let g(n) be the second derivative of -5*n**3/6 - n**2 - 20*n. Determine g(-2).
8
Let t(p) = p**2 + p + 1. Let x be t(-1). Let u(i) = -i + i + 3 - 4 + 8*i. Let m(d) = -7*d + 1. Let l(a) = -4*m(a) - 3*u(a). Determine l(x).
3
Let s(j) = j**3 - 10*j**2 + j + 6. Let z be s(10). Suppose -8*l + 4*l + r + z = 0, 3*l - 19 = -r. Let t(v) = v**2 - 5*v - 6. Calculate t(l).
-6
Let p(k) = k**2 + 6*k + 5. Let a be (-4)/((-4)/(-4) - -1). Let q = a + -4. Calculate p(q).
5
Let p(z) be the second derivative of -z**6/120 - z**5/60 - z**4/24 - 7*z**3/6 - z**2/2 + 2*z. Let k(j) be the first derivative of p(j). Calculate k(0).
-7
Let c = -7 - -9. Suppose c*d + 2 = -t - 0*d, -8 = -2*t + 2*d. Let z(v) = 0 + 3 - v**2 - t - 3*v - 5. What is z(-3)?
-4
Suppose 0*f = -f - 6. Let c(i) = -7*i - 5. Let u(a) = 8*a + 4. Let n(b) = f*u(b) - 7*c(b). Calculate n(-6).
5
Let l(t) = t**2. Let j(v) = v**3 + v**2 + v + 2. Let k(n) = -j(n) + l(n). Let p = 16 + -10. Suppose -p = -4*c - 14. Determine k(c).
8
Let q(f) = 7*f + 4. Let a be (-3)/(-12) + 46/8. Let r(k) = -k. Let i(h) = a*r(h) + q(h). Let x = -1 + 1. What is i(x)?
4
Let g(t) be the first derivative of 5*t**3/3 + t + 5. What is g(-1)?
6
Let c(p) = p**3 + 4*p**2 - 5*p + 7. Let m = 29 - 34. What is c(m)?
7
Let w = -16 - -17. Let m(f) = w - f + 4 - 3 - 1. Give m(1).
0
Let r be (-50)/(-15)*(-6)/(-4). Let p(b) = -5*b. Let k(t) = 14*t + 1. Let v(j) = -6*k(j) - 17*p(j). What is v(r)?
-1
Suppose 4*f + 3*n - 4 = 16, -2*f - 4*n = -20. Let d(c) = 4*c + 1. Give d(f).
9
Let x(p) be the second derivative of 0*p**2 + 0 + 3*p - 2/3*p**3 + 1/6*p**4. Give x(3).
6
Let w(o) = -1 - 7*o - 4*o + 12*o + o**2 + 4*o**2. Determine w(-2).
17
Let a(v) = -v**2 + 1. Let t = -5 - -5. Let x be (1 + t)*(-6)/(-6). Calculate a(x).
0
Let g = 9/26 - -41/13. Let k(f) be the first derivative of 0*f - 3 + g*f**2. What is k(-1)?
-7
Let k(u) = u**3 - 7*u**2 + 10*u + 11. Let o(f) = f**3 - 7*f**2 + 11*f + 12. Let m(z) = 6*k(z) - 5*o(z). What is m(6)?
0
Let z(a) = 7*a**2 + 27*a + 7. Let y(o) = -10*o**2 - 40*o - 10. Let g(t) = 5*y(t) + 7*z(t). What is g(-8)?
23
Let w(r) be the second derivative of -r**5/20 + r**4/3 + r**3/2 + 2*r**2 + 9*r. Give w(5).
-6
Let z(p) be the second derivative of 3*p**5/20 + p**2/2 + 3*p. Suppose u = -3*u + 8. Let b = u + -1. What is z(b)?
4
Let u(l) = l**3 + 3*l**2 + 4*l + 25. Let c be u(-4). Let q(k) = k**2 + 5*k - 9. Determine q(c).
5
Suppose 4*t + 15 = -u, -2*u - 4*t - 19 = -5*u. Let s(k) = -2*k**3 + k**2 - k. Calculate s(u).
-2
Let g(z) = -11*z**2 + z - 1. Suppose -9*t + 13 = 4. Give g(t).
-11
Let c(i) = -5 + 0 + 4 + 6*i. Let x be (2 + -1)*0 + -3. Let k be (x/6)/(2/(-4)). Determine c(k).
5
Let f(j) = -8*j**2 + 0 - j - 1 + 14*j**2. Let t be f(-1). Let n(v) = v**2 - 7*v - 4. What is n(t)?
-10
Let v(s) = -s**3 + 2*s**2 + 1. Let y be v(2). Let l(h) be the second derivative of -1/2*h**2 + 7/20*h**5 + 4*h + 0 + 0*h**4 + 1/6*h**3. Give l(y).
7
Let l(z) = -z**2 - z + 2. Let u be l(-1). Let x(v) be the third derivative of 1/6*v**4 + 0*v + 0 + v**u + 0*v**3. What is x(-2)?
-8
Let u(f) = f**2 - 2*f - 6. Suppose -7*m + 3*m + z = -26, -2*z + 14 = 3*m. Determine u(m).
18
Let m(y) = -y**2 + 5*y - 2. Let o be m(5). Let p be 0/(4*o/4). Let r(q) = -q. Determine r(p).
0
Let n(x) = 1. Let l(t) = t. Let z(i) = l(i) + n(i). Determine z(9).
10
Let l(w) = w + 11 - 11*w**2 - 7 + 9*w**2 + 3*w**2. Calculate l(0).
4
Suppose 0 = 4*n + n + 45. Let q be n/(-12)*(1 - 5). Let p = -2 - q. Let r(w) = -2*w**3 - 2*w + 1. Give r(p).
-3
Let q(w) = 2*w**2 - 8*w + 5. Let f(m) = m**2 - 7*m + 6. Let u(r) = 3*f(r) - 2*q(r). Give u(-6).
2
Let i(a) be the first derivative of -1 - 1/3*a**3 + a**2 + a. Let q be i(3). Let x(g) = -g**3 - 1. What is x(q)?
7
Let m(s) = 0 + 0*s - 1 + 4*s + 0*s. Let c(g) = -5*g**3 - 2*g**2 + g + 1. Let u(q) = -q**3 + q**2 - 1. Let z(i) = -c(i) + 4*u(i). Let k be z(-6). What is m(k)?
3
Let n(y) be the third derivative of -y**4/24 - y**3/3 + 17*y**2. Calculate n(2).
-4
Suppose 0 = 7*t - 4*t + 15. Let x(g) = 2*g + 10. Let k(c) = 1. Let j(n) = 5*k(n) - x(n). What is j(t)?
5
Let l(p) = 9*p + 4 - 2*p**2 - 12*p - 1. Let z be ((-2)/(-3))/(2 + (-35)/21). What is l(z)?
-11
Suppose -4*w - 12 = -5*s, -4*w - 5*s + 2*s - 44 = 0. Let x = w - -5. Let b = x - -4. Let y(g) = 5*g**2 - 1. Calculate y(b).
4
Let l be 2/(-5)*(0 - -1)*-5. Let o(i) = 4*i**2 + 4*i - 3. Determine o(l).
21
Suppose 4*h - 4*u = 24, -5*h - 15 + 38 = 2*u. Let b = -1 - -1. Let a = b - h. Let o(d) = -d**3 - 5*d**2 - d + 1. Give o(a).
6
Let u = -13 - -5. Let l(a) = a**3 + 8*a**2 - 2*a - 10. Give l(u).
6
Let o(s) = s**2 - s + 1. Let j(h) be the first derivative of -h**3/3 + 7*h**2/2 + h + 2. Let v(r) = j(r) + 2*o(r). Calculate v(-2).
-3
Suppose -5*j = 2*v + 11, 4*j - 3 = 5*v - 25. Let c(f) be the third derivative of -f**6/120 - f**5/30 + f**4/6 + f**3/6 + f**2. Give c(j).
-2
Let o(l) = 10 + 13*l - 6*l - 7*l**2 + l**3 - 8*l. Give o(7).
3
Let k(d) = -2*d - 2. Suppose t = 4*b - 14, -6*t = 3*b - 2*t - 1. Suppose 6 = -0*y + b*y. Let g be 1 - (1 - y) - 6. Calculate k(g).
6
Let p(h) = 1. Let q(x) = x. Let f(s) = -2*p(s) - q(s). Calculate f(0).
-2
Let r(n) = -11*n**3 + 9*n**2 - 9*n - 7. Let x(h) = -5*h**3 + 4*h**2 - 4*h - 4. Let w(u) = -4*r(u) + 9*x(u). Suppose 0 = 5*i - 8*i. Determine w(i).
-8
Let a(g) 